- q*u + 25. What is the highest common factor of 35 and u?
5
Let q(k) = k - 3. Let i be q(0). Let r be (i/4)/((-3)/324). Suppose -y + 32 = 4*u, -2*u - 4*y + 7*y + 30 = 0. Calculate the greatest common divisor of r and u.
9
Let m = 18 + -13. Suppose 6*u - 3*i = u, 0 = u - m*i + 22. Calculate the greatest common divisor of 30 and u.
3
Let j(f) = f**2 - 3*f + 12. Let u be j(-9). What is the highest common divisor of 40 and u?
40
Let m = -3 + 14. Calculate the highest common factor of 88 and m.
11
Let v be 196/9 + (-2)/(-9). Calculate the highest common factor of 66 and v.
22
Let x be (-133 - 3)*(0 + -1). Let i = 60 + -43. What is the greatest common divisor of x and i?
17
Let p(n) = -3*n - 3. Let g be p(-4). Suppose -g = 3*b, 0*s - s = -2*b - 39. Let o be (s/(-6))/((-2)/44). What is the greatest common factor of o and 11?
11
Let w(l) = 3*l**2 + 2*l - 2. Suppose 3 = 3*j - 3*u - 3, u = -2*j - 8. Let s be w(j). What is the highest common factor of s and 15?
3
Let r be ((-2)/4)/((-3)/30). Suppose -435 = -r*l + 85. Suppose -4*u = l - 808. What is the greatest common divisor of u and 22?
22
Let n be (-1 - (-14)/10)*(31 - 1). What is the highest common divisor of n and 84?
12
Suppose -558 - 366 = -3*b - 3*q, 0 = -5*b - 4*q + 1544. What is the greatest common divisor of 39 and b?
39
Let z be (0*(-2)/(-4))/3. Suppose z*r = -5*r + 50. Let m(k) = k**2 + 3*k. Let h be m(-4). What is the greatest common factor of h and r?
2
Let c(y) = -y**2 + 5*y + 1. Let v be c(4). Let h = -2 + 4. What is the greatest common divisor of v and h?
1
Suppose -2*c + 393 - 185 = 0. What is the highest common factor of c and 26?
26
Let h(t) = 2*t. Let k = 25 - 24. Let l be h(k). What is the greatest common divisor of l and 2?
2
Let l = -4 + 6. Suppose l*v + n = 11, -2*v - 2*v + 5*n = -43. Suppose -4*k + v*k = 45. What is the highest common divisor of k and 3?
3
Suppose 0*k = -2*k. Suppose -l + 90 = -3*s, -4*s + k*s - 180 = -2*l. What is the highest common divisor of 9 and l?
9
Suppose -3*u - 10 + 58 = 3*a, -4*a = u - 4. Calculate the greatest common factor of 20 and u.
20
Suppose 2*n - 5*x - 32 = 0, n = -n - 5*x + 12. Let r(h) = -12*h - 9. Let f be r(-9). Let d be 1/(3/f*3). Calculate the highest common divisor of d and n.
11
Suppose -1042 = -5*d - 197. What is the greatest common factor of d and 13?
13
Let u be 50 - -1 - 8/4. What is the highest common divisor of u and 7?
7
Let d be 40/30*(31 - 1). Suppose -5*m - a + 22 = 0, -5 + 3 = 2*m + 4*a. What is the greatest common divisor of d and m?
5
Let b(p) = 2*p. Let s be b(2). Let o = s - 1. Let i = o + -1. Calculate the greatest common divisor of 10 and i.
2
Let n be (-4032)/(-30) - (-4)/(-10). Let v be (-6)/9 + n/3. Calculate the greatest common factor of v and 4.
4
Suppose 4*r - 5 = -r - 5*c, 5*r - c = -1. Suppose -3*x = -r*x - 54. Calculate the greatest common factor of x and 54.
18
Suppose -54 = 10*y - 19*y. Calculate the greatest common divisor of 21 and y.
3
Let c = 1 - 2. Let h be 2 - 63*(c - 0). What is the greatest common divisor of h and 13?
13
Let g = 68 - 36. Calculate the greatest common factor of 352 and g.
32
Let h = -667 + 1051. Suppose -h = -3*s - 114. What is the greatest common factor of s and 10?
10
Let i = 16 + -16. Suppose 2*d = 2*x + 20 + 8, -3*d - 3*x + 30 = i. What is the greatest common factor of 12 and d?
12
Let u = 30 - 1. What is the highest common factor of u and 58?
29
Suppose -2*w + 137 = 2*d - 255, 2*w - 2*d - 400 = 0. Let f = 0 + 22. Calculate the highest common divisor of f and w.
22
Let k be (-262)/10 - 3/(-15). Let v be 4/k - 160/(-26). Suppose 2*s + 4*j - 56 = 0, -7*s + j + 85 = -2*s. What is the greatest common divisor of s and v?
6
Let r = -179 + 315. Calculate the highest common factor of 17 and r.
17
Let p(o) = o**2 + 6*o + 3. Let l be p(-6). Let v be l/(-2)*(-16)/3. Let d(h) = 16*h. Let r be d(1). Calculate the greatest common factor of v and r.
8
Let n = 173 - 93. Suppose 5*q - 360 = -n. What is the greatest common factor of q and 8?
8
Suppose -4*k = -k - 270. Suppose 5*y - k = -0*y. What is the highest common factor of 12 and y?
6
Suppose 13 = 4*k + 9. Calculate the highest common divisor of k and 7.
1
Suppose -j = -4*o + 12, -10 = -4*o + 2. Suppose 0 = 5*g - j*d - 2*d + 25, 2*g + 3*d = -29. Let b be (g/1)/1*-2. Calculate the greatest common factor of 2 and b.
2
Let y be 72/10*(-15)/(-2). Let n be 9/(-6)*(-10)/3. Suppose 2*k - 2 + 10 = -n*j, -5*k - 4*j + 14 = 0. What is the greatest common factor of y and k?
6
Let x = -36 - -188. Suppose -93 = -3*m + 30. Let y = m + -22. What is the highest common factor of x and y?
19
Let q = 176 + -88. Let k = 60 - 49. What is the greatest common divisor of q and k?
11
Suppose 3 = 5*x - 12. What is the greatest common factor of 6 and x?
3
Let t(w) = 2*w - 11. Let s be t(7). What is the highest common divisor of 12 and s?
3
Suppose -66 + 6 = -5*t. Let l(r) = r**3 + r**2 - 3*r - 3. Let h be l(3). Calculate the highest common divisor of t and h.
12
Let a be -16 - 3*1/3. Let g = 31 + a. What is the greatest common divisor of 112 and g?
14
Let i(z) = -z**3 - 6*z**2 + 2. Let x be i(-6). Calculate the greatest common factor of x and 22.
2
Suppose 0 = -0*x + 3*x + 48. Let k = x - -26. Suppose -l + 5*m + 10 = 2*m, 0 = -3*l + 4*m + 30. What is the greatest common divisor of k and l?
10
Let o = -20 + 21. Calculate the greatest common factor of 4 and o.
1
Let i be 26/3 - (-1)/3. Let w(a) = -a**3 + 2*a**2 - a + 3. Let n be w(4). Let j = -15 - n. Calculate the greatest common divisor of j and i.
9
Let j(c) = c**2 + 2*c - 7. Let q be j(-7). Suppose -5*r + q + 17 = 0. What is the highest common factor of r and 36?
9
Suppose 5*p - 18 = 11*p. Let z = p - -6. What is the highest common divisor of z and 2?
1
Let k = 17 - 14. Suppose i = k + 21. What is the greatest common divisor of i and 6?
6
Let d(i) = 2*i**3 - 9*i**2 + 3*i + 2. Let t be d(6). Let m be t + (-2 - -3) + -3. Calculate the greatest common factor of m and 14.
14
Let p(f) = 5*f - 1. Let j be p(1). What is the highest common divisor of j and 4?
4
Let g = 12 - 10. Let t be (-220)/(-6) + (-4)/6. Suppose -g*f + 3*f = t. What is the greatest common factor of f and 54?
18
Let d = 6 + 59. What is the highest common divisor of 13 and d?
13
Suppose 4*y - 15 - 233 = 0. Let k be ((-78)/21)/(4/(-28)). Suppose k = -3*i + y. Calculate the highest common factor of 120 and i.
12
Let y = -1 + 145. Suppose -2*d + 7*d = u + 15, -9 = 3*u - 3*d. Suppose u = q - 15 - 3. Calculate the greatest common divisor of q and y.
18
Let b = 101 + -31. Let i be 3*(0 - (-70)/15). What is the greatest common factor of i and b?
14
Suppose w + 11 = 2*w - 5*l, 4*w + 25 = -3*l. Let v be w/14 - (-69)/21. Let s be -2 + v - (-60 + 1). Calculate the greatest common factor of 12 and s.
12
Let c be 4/(-2) - -2*3. Suppose -c*t = -0*t - 100. What is the greatest common factor of t and 10?
5
Let x be 32/(-20)*(-1 - 4). Suppose -3*p = -x*p. Suppose -2*n + 5*t + 15 = p, 5*n - 3*t = -t + 69. Calculate the highest common factor of n and 15.
15
Let a(i) = -7*i - 2. Let k be a(-5). Calculate the greatest common factor of 132 and k.
33
Let w = 10 - 31. Let h = -14 - w. What is the highest common factor of h and 56?
7
Suppose 0 = -w - 3*w + 204. Suppose -5 = z - 20. Let k be 512/z - 30/225. Calculate the highest common divisor of k and w.
17
Let a(c) = -9*c**3 + c**2 - c + 2. Let o be a(-2). What is the highest common divisor of o and 10?
10
Let x(a) = a**2 + 7*a - 6. Let o be x(-8). Suppose 0 = -o*u + u + 21. Let l = 58 - 37. Calculate the greatest common divisor of l and u.
21
Suppose 2*v - 42 = -2*p, -p + 37 = -0*p + 5*v. Calculate the greatest common factor of p and 51.
17
Suppose q = c + 7, 4*q - 16 = c + c. Let h = 18 - c. Let n(r) = 2*r**2. Let l be n(-2). What is the greatest common factor of l and h?
8
Let h be (1/4)/(3/12). What is the greatest common divisor of 5 and h?
1
Let f = 152 + -107. Let b = -30 + f. Calculate the highest common divisor of b and 5.
5
Suppose -2*m - b + 156 = 3*b, -b - 199 = -3*m. What is the greatest common divisor of 17 and m?
17
Let o = -5 - -5. Suppose o = -u - u - 4. Let n be (7*-2)/u*3. What is the greatest common factor of n and 63?
21
Let j = 42 + -22. What is the greatest common divisor of 80 and j?
20
Let j be (7/4)/